 1558?
5
What is the tens digit of 774?
7
What is the hundreds digit of 2611?
6
What is the tens digit of 846?
4
What is the thousands digit of 69272?
9
What is the units digit of 1256?
6
What is the units digit of 29059?
9
What is the thousands digit of 4314?
4
What is the thousands digit of 1519?
1
What is the tens digit of 199?
9
What is the tens digit of 878?
7
What is the hundreds digit of 180729?
7
What is the tens digit of 4706?
0
What is the tens digit of 831?
3
What is the thousands digit of 4874?
4
What is the tens digit of 8803?
0
What is the units digit of 855?
5
What is the units digit of 704?
4
What is the ten thousands digit of 21755?
2
What is the hundreds digit of 93899?
8
What is the units digit of 24894?
4
What is the units digit of 909?
9
What is the hundreds digit of 10049?
0
What is the units digit of 136?
6
What is the tens digit of 5338?
3
What is the thousands digit of 13909?
3
What is the units digit of 2651?
1
What is the hundreds digit of 48932?
9
What is the hundreds digit of 891?
8
What is the thousands digit of 87032?
7
What is the tens digit of 1524?
2
What is the hundreds digit of 8247?
2
What is the tens digit of 3921?
2
What is the ten thousands digit of 27768?
2
What is the units digit of 83032?
2
What is the tens digit of 63831?
3
What is the units digit of 49118?
8
What is the ten thousands digit of 12043?
1
What is the ten thousands digit of 37013?
3
What is the hundreds digit of 750?
7
What is the units digit of 16897?
7
What is the hundreds digit of 7292?
2
What is the hundreds digit of 1015?
0
What is the tens digit of 577?
7
What is the thousands digit of 20813?
0
What is the hundreds digit of 10644?
6
What is the units digit of 37647?
7
What is the units digit of 3488?
8
What is the tens digit of 16680?
8
What is the thousands digit of 9453?
9
What is the hundreds digit of 296?
2
What is the hundreds digit of 42674?
6
What is the tens digit of 52758?
5
What is the tens digit of 1902?
0
What is the units digit of 5129?
9
What is the units digit of 3078?
8
What is the units digit of 515?
5
What is the tens digit of 3590?
9
What is the thousands digit of 40781?
0
What is the thousands digit of 20046?
0
What is the hundreds digit of 1444?
4
What is the units digit of 1506?
6
What is the ten thousands digit of 14250?
1
What is the units digit of 62469?
9
What is the hundreds digit of 24632?
6
What is the units digit of 2902?
2
What is the tens digit of 2417?
1
What is the units digit of 20239?
9
What is the tens digit of 92198?
9
What is the hundreds digit of 29410?
4
What is the units digit of 1341?
1
What is the units digit of 2366?
6
What is the thousands digit of 2577?
2
What is the units digit of 9493?
3
What is the tens digit of 110779?
7
What is the hundreds digit of 1298?
2
What is the units digit of 369?
9
What is the thousands digit of 7371?
7
What is the thousands digit of 6136?
6
What is the units digit of 233?
3
What is the units digit of 6162?
2
What is the units digit of 4546?
6
What is the units digit of 15043?
3
What is the hundreds digit of 121372?
3
What is the hundreds digit of 17927?
9
What is the thousands digit of 8239?
8
What is the units digit of 2417?
7
What is the hundreds digit of 29399?
3
What is the hundreds digit of 13820?
8
What is the hundreds digit of 9279?
2
What is the ten thousands digit of 37141?
3
What is the hundreds digit of 2369?
3
What is the hundreds digit of 5495?
4
What is the units digit of 3568?
8
What is the tens digit of 90878?
7
What is the units digit of 62761?
1
What is the tens digit of 2572?
7
What is the tens digit of 73462?
6
What is the thousands digit of 118103?
8
What is the hundreds digit of 12272?
2
What is the units digit of 493?
3
What is the units digit of 1355?
5
What is the tens digit of 920?
2
What is the thousands digit of 1018?
1
What is the hundreds digit of 2213?
2
What is the hundreds digit of 1698?
6
What is the units digit of 4148?
8
What is the ten thousands digit of 19020?
1
What is the tens digit of 8357?
5
What is the units digit of 967?
7
What is the hundreds digit of 367?
3
What is the thousands digit of 97720?
7
What is the thousands digit of 1172?
1
What is the units digit of 101215?
5
What is the tens digit of 17287?
8
What is the units digit of 185?
5
What is the units digit of 12876?
6
What is the ten thousands digit of 182180?
8
What is the units digit of 4738?
8
What is the hundreds digit of 7612?
6
What is the hundreds digit of 2659?
6
What is the tens digit of 8416?
1
What is the thousands digit of 1896?
1
What is the thousands digit of 9877?
9
What is the hundreds digit of 719?
7
What is the tens digit of 21655?
5
What is the tens digit of 43045?
4
What is the tens digit of 3473?
7
What is the thousands digit of 50314?
0
What is the hundred thousands digit of 179369?
1
What is the units digit of 827?
7
What is the hundreds digit of 5198?
1
What is the ten thousands digit of 24933?
2
What is the ten thousands digit of 19281?
1
What is the thousands digit of 1924?
1
What is the tens digit of 46617?
1
What is the thousands digit of 19615?
9
What is the tens digit of 17004?
0
What is the tens digit of 15349?
4
What is the tens digit of 7421?
2
What is the hundreds digit of 16995?
9
What is the tens digit of 24349?
4
What is the units digit of 34687?
7
What is the tens digit of 3784?
8
What is the hundreds digit of 733?
7
What is the thousands digit of 126598?
6
What is the tens digit of 862?
6
What is the hundreds digit of 3024?
0
What is the units digit of 519?
9
What is the tens digit of 19952?
5
What is the thousands digit of 9944?
9
What is the hundreds digit of 68018?
0
What is the ten thousands digit of 27064?
2
What is the units digit of 5859?
9
What is the units digit of 76584?
4
What is the units digit of 1469?
9
What is the thousands digit of 29401?
9
What is the ten thousands digit of 145308?
4
What is the tens digit of 1091?
9
What is the units digit of 9090?
0
What is the units digit of 1510?
0
What is the tens digit of 181?
8
What is the hundreds digit of 1946?
9
What is the thousands digit of 3717?
3
What is the hundreds digit of 3523?
5
What is the tens digit of 2456?
5
What is the units digit of 9597?
7
What is the hundreds digit of 11686?
6
What is the hundreds digit of 175?
1
What is the units digit of 410?
0
What is the units digit of 897?
7
What is the tens digit of 208?
0
What is the units digit of 42762?
2
What is the thousands digit of 9520?
9
What is the ten thousands digit of 29868?
2
What is the hundreds digit of 397?
3
What is the tens digit of 3558?
5
What is the hundreds digit of 1200?
2
What is the tens digit of 1000?
0
What is the tens digit of 45827?
2
What is the units digit of 32915?
5
What is the tens digit of 4250?
5
What is the tens digit of 274?
7
What is the tens digit of 2424?
2
What is the units digit of 4443?
3
What is the thousands digit of 10104?
0
What is the units digit of 1171?
1
What is the hundreds digit of 11401?
4
What is the units digit of 55504?
4
What is the tens digit of 2630?
3
What is the thousands digit of 1359?
1
What is the hundreds digit of 734?
7
What is the thousands digit of 11052?
1
What is the thousands digit of 3382?
3
What is the units digit of 4109?
9
What is the units digit of 478?
8
What is the units digit of 53059?
9
What is the tens digit of 1001?
0
What is the thousands digit of 4807?
4
What is the tens digit of 3596?
9
What is the thousands digit of 9389?
9
What is the ten thousands digit of 10727?
1
What is the tens digit of 4376?
7
What is the thousands digit of 2414?
2
What is the hundreds digit of 1975?
9
What is the tens digit of 9025?
2
What is the tens digit of 34800?
0
What is the units digit of 50162?
2
What is the ten thousands digit of 27855?
2
What is the units digit of 522?
2
What is the ten thousands digit of 30637?
3
What is the hundreds digit of 4583?
5
What is the thousands digit of 3305?
3
What is the tens digit of 67440?
4
What is the ten thousands digit of 96547?
9
What is the hundreds digit of 2150?
1
What is the units digit of 61631?
1
What is the hundreds digit of 3793?
7
What is the thousands digit of 1302?
1
What is the hundreds digit of 755?
7
What is the thousands digit of 5332?
5
What is the thousands digit of 11